{"id":12,"date":"2022-07-27T20:42:44","date_gmt":"2022-07-27T20:42:44","guid":{"rendered":"https:\/\/kultur.halmawuerzburg.de\/?page_id=12"},"modified":"2022-08-22T13:56:39","modified_gmt":"2022-08-22T13:56:39","slug":"herzlich-willkomen","status":"publish","type":"page","link":"https:\/\/kultur.halmawuerzburg.de\/","title":{"rendered":"Herzlich Willkomen"},"content":{"rendered":"\n<p>.. auf der Seite <strong>&#8222;Kultur f\u00fcr Menschen mit und ohne Demenz&#8220;<\/strong>.<\/p>\n\n\n\n<p>Ziel des Projektes ist es, Menschen mit und ohne Demenz eine Teilhabe an kulturellen Angeboten zu erm\u00f6glichen und ihnen damit ein St\u00fcck Lebensqualit\u00e4t zu erhalten oder sogar zur\u00fcckzugeben. Gemeinsam mit vielen Netzwerkpartnern wurden seit 2015 kulturelle Angebote entwickelt . Dazu z\u00e4hlen interaktive Konzerte, Museumsbesuche oder besondere Angebote der Stadtb\u00fccherei.<br>Wir freuen uns \u00fcber weitere Kooperationspartner aus der Region W\u00fcrzburg. Mit dem Projekt m\u00f6chte HALMA die Menschen in der Kommune f\u00fcr das Thema Demenz sensibilisieren und eine breite \u00d6ffentlichkeit erreichen. Menschen mit und ohne Demenz w\u00fcnschen wir den Mut, die Angebote rege zu nutzen.<\/p>\n","protected":false},"excerpt":{"rendered":"<p>.. auf der Seite &#8222;Kultur f\u00fcr Menschen mit und ohne Demenz&#8220;. Ziel des Projektes ist es, Menschen mit und ohne Demenz eine Teilhabe an kulturellen Angeboten zu erm\u00f6glichen und ihnen damit ein St\u00fcck Lebensqualit\u00e4t zu erhalten oder sogar zur\u00fcckzugeben. Gemeinsam &hellip; <a href=\"https:\/\/kultur.halmawuerzburg.de\/\">Weiter<\/a><\/p>\n","protected":false},"author":1,"featured_media":0,"parent":0,"menu_order":1,"comment_status":"closed","ping_status":"closed","template":"","meta":{"kt_blocks_editor_width":"","footnotes":""},"class_list":["post-12","page","type-page","status-publish","hentry"],"_links":{"self":[{"href":"https:\/\/kultur.halmawuerzburg.de\/index.php?rest_route=\/wp\/v2\/pages\/12","targetHints":{"allow":["GET"]}}],"collection":[{"href":"https:\/\/kultur.halmawuerzburg.de\/index.php?rest_route=\/wp\/v2\/pages"}],"about":[{"href":"https:\/\/kultur.halmawuerzburg.de\/index.php?rest_route=\/wp\/v2\/types\/page"}],"author":[{"embeddable":true,"href":"https:\/\/kultur.halmawuerzburg.de\/index.php?rest_route=\/wp\/v2\/users\/1"}],"replies":[{"embeddable":true,"href":"https:\/\/kultur.halmawuerzburg.de\/index.php?rest_route=%2Fwp%2Fv2%2Fcomments&post=12"}],"version-history":[{"count":1,"href":"https:\/\/kultur.halmawuerzburg.de\/index.php?rest_route=\/wp\/v2\/pages\/12\/revisions"}],"predecessor-version":[{"id":14,"href":"https:\/\/kultur.halmawuerzburg.de\/index.php?rest_route=\/wp\/v2\/pages\/12\/revisions\/14"}],"wp:attachment":[{"href":"https:\/\/kultur.halmawuerzburg.de\/index.php?rest_route=%2Fwp%2Fv2%2Fmedia&parent=12"}],"curies":[{"name":"wp","href":"https:\/\/api.w.org\/{rel}","templated":true}]}}